(q) - 4*w(q). Calculate v(5).
-7
Let o(t) = -2*t**2 - 3*t + 5. Let r(h) = -2. Let p(w) = o(w) + r(w). Calculate p(-3).
-6
Let p(s) be the second derivative of s**5/120 - 13*s**4/24 + s**3/6 + 7*s**2/2 - s - 17. Let i(r) be the second derivative of p(r). Give i(9).
-4
Let x(k) be the third derivative of k**6/120 + k**5/60 - k**4/8 + k**3/6 - 2*k**2. Let y be -28*4/(-16) + -5. Determine x(y).
7
Let g(y) = -y**3 + 3*y**2 + 1. Let m be 10*(-5)/(-50)*-4. Let f = -1 - m. Determine g(f).
1
Let l(g) be the third derivative of 1/120*g**5 + 0*g + 0 + 4*g**2 - 1/24*g**4 + 2/3*g**3 - 1/360*g**6. Let x(q) be the first derivative of l(q). Determine x(0).
-1
Let w(s) = -s**3 + 4*s**2 + 4*s - 2. Let z(l) be the first derivative of l**2/2 - 9*l - 5. Let t be z(14). Give w(t).
-7
Let x be (-8)/(-10)*(-35)/14. Let p be 0 - 1 - 3 - x. Let c(h) be the second derivative of h**4/12 + h**3/2 - h**2/2 - 2*h. What is c(p)?
-3
Let i be -10 - -13 - (2 - -1). Suppose i = -x + 8. Let l(s) = -6*s + x + 3*s + 7*s**2 - 5*s - s**3. Give l(6).
-4
Let w(q) = -q**3 - q**2 + 2*q + 2. Let g = 340 - 343. Give w(g).
14
Let l(v) = -v**2 + 6*v - 58. Let m(u) = -2*u - 1. Let h(x) = l(x) + 3*m(x). What is h(0)?
-61
Let a(i) = 22*i + 9. Let k(p) = -15*p - 6. Let r(y) = -y**3 + 4*y**2 + 7*y - 3. Let f be r(5). Let m(o) = f*k(o) + 5*a(o). Give m(-2).
-7
Let o(r) = r. Let j(k) = k**2 - 8*k + 2. Let p = 29 + -30. Let y(i) = p*j(i) - o(i). Give y(6).
4
Let n(j) = 4*j**3 - 3*j**2 - 5*j + 3. Let s(v) = -3*v**3 + 3*v**2 + 5*v - 2. Let x(l) = 2*n(l) + 3*s(l). What is x(4)?
4
Let y(v) = -5*v + 7. Let s(l) = 4*l - 6. Let z(d) = 6*s(d) + 5*y(d). Determine z(4).
-5
Let m(g) = 1. Let d(x) = 2*x + 5. Let t = -21 + -74. Let s be (-295)/t - (-2)/(-19). Let l(k) = s*d(k) - 15*m(k). Give l(1).
6
Let u(c) be the third derivative of c**7/5040 - c**6/240 + c**5/15 + 3*c**2. Let a(k) be the third derivative of u(k). Suppose 12*v + 12 = 9*v. Calculate a(v).
-7
Let g(y) = -y - 5. Suppose -4*l + 4*a = 40, -2*l + 4*a - 3*a = 15. What is g(l)?
0
Let f(o) be the second derivative of -o**4/24 + o**3/2 - 15*o**2/2 + 3*o. Let x(a) be the first derivative of f(a). Calculate x(4).
-1
Let m(q) = -2*q + 2. Suppose w - 33 = -4*n, 12 = n - 3*w + 4*w. What is m(n)?
-12
Let a(o) = -4 - 2*o - 217*o**3 + 188*o**3 + o**2 + 5. Give a(1).
-29
Suppose -6*x = -2 + 26. Let l(c) be the first derivative of c**3/3 + c**2 + 5*c + 7. Calculate l(x).
13
Let q(w) = -4*w**2 + 11*w + 11. Let l = -3068 + 3067. What is q(l)?
-4
Let v(r) be the second derivative of -r**3/6 + 7*r**2/2 - 10*r - 17. What is v(15)?
-8
Suppose -127 = -3*y - 130. Let g(m) = -5*m**2 - 8. Let o(w) = w**2 + w + 1. Let r(k) = y*g(k) - 4*o(k). Determine r(6).
16
Suppose 84*o - 12 = 78*o. Let a(z) be the first derivative of o*z - 7 - 5/2*z**2. What is a(2)?
-8
Let a be 2/(-12) + (-4393)/138. Let f = a - -33. Let m(o) = 6*o**2. Determine m(f).
6
Let g be (-2)/((-6)/11) - 50/75. Let t(q) = q**3 - 4*q**2 - g - 33*q + 4 + 30*q. Determine t(5).
11
Let h(c) = c**2 - 3*c - 5. Suppose 2*j + 843 = 839. What is h(j)?
5
Let d be 1*(-2 + 2)/(-3). Let c be (-4)/((48/9)/(-4)). Let b(a) = -a + 0*a + 19*a**3 - 18*a**c + 4. What is b(d)?
4
Let d(f) be the second derivative of f**4/12 + 5*f**3/3 + 6*f**2 + 247*f. Determine d(-8).
-4
Let h = 366 - 374. Let c(z) = z**3 + 7*z**2 - 10*z - 10. What is c(h)?
6
Let z be 3/(45/20) + 4/24. Let x(j) be the first derivative of z*j**2 + 0*j - 1 + j**3. What is x(-2)?
6
Let i(z) = 2*z - 3. Let n be i(2). Let q(s) = 0*s - n - s + 8 - 2. Suppose -4*h + 12 = 0, f + 23 = 6*f + h. What is q(f)?
1
Let n be 9/(-2)*(-6)/9. Let c be 4 + 5*(1 - n). Let v(s) be the second derivative of -s**3/3 - 3*s**2 - s. Give v(c).
6
Let c(a) = 5*a**2 + 9*a - 41. Let d(k) = -k**2 - 2*k + 10. Let u(b) = 2*c(b) + 9*d(b). Let z = -50 - -35. Let l be z + 16 + (1 - 2). What is u(l)?
8
Let x = 62 + -65. Let s(q) = q**3 + 2*q**2 + 3*q + 3. Determine s(x).
-15
Let i(q) be the first derivative of 2*q + 11 + q**3 + 1/2*q**4 + 1/2*q**2. Let f = -4 + 2. Calculate i(f).
-4
Let u(f) be the third derivative of 3*f**4/8 + 5*f**3/6 - 35*f**2 + 2. What is u(4)?
41
Suppose -5*a - 39 = 1. Let i be (-15)/(-6)*a/(-5). Let r(g) = 17*g - 16*g + 3 - i. Determine r(5).
4
Let t(a) = a**3 - 9*a**2 + 2*a - 11. Let k be t(9). Suppose 3 - k = -4*s. Let p(y) = -2 - y + 3 + s. Calculate p(-3).
5
Suppose 8*j - 9*j + 21 = 0. Suppose 4*y - 15 - j = 0. Let w(v) = v - 2*v - 1 - y + 3. Give w(0).
-7
Let c(h) = 4*h. Let y(n) = 2*n + 1. Let g(w) = -c(w) + 3*y(w). Give g(-3).
-3
Let r(w) = -w + 3 - 6 + 0. Let l(b) = b + 3. Let t(u) = 3*l(u) + 4*r(u). Determine t(-7).
4
Let p(l) be the second derivative of l**4/12 - l**3/6 + 5*l**2 + 11*l - 3. Calculate p(0).
10
Suppose -2*t = 5*h + 10, 3*h - h - 4*t = 20. Suppose 2*s - 1 + 3 = h. Let x(w) = -w. Determine x(s).
1
Let v(m) = -13*m. Let s(w) = -w**2 - 19*w + 21. Let q(i) = 6*i - 2. Let u be q(-3). Let x be s(u). Calculate v(x).
-13
Let i = 8 - -2. Let w(z) = z**2 - 9*z + 13. Calculate w(i).
23
Let q(g) be the third derivative of -g**5/30 + g**4/3 - 7*g**3/6 + g**2 - g. Give q(6).
-31
Let u(x) = 5*x**3 - x**2 + 21*x. Let p(k) = -2*k**3 - 10*k. Let l(c) = 7*p(c) + 3*u(c). Determine l(5).
15
Let o = 1 + 2. Let r(x) = o + 93*x - 42*x - 49*x. Calculate r(-5).
-7
Suppose -162 = 4*d - 146. Let p(h) = h**3 + 4*h**2 + 2*h - 3. Determine p(d).
-11
Let p(c) = -5 + 4 - 2 - 90*c + 85*c. Calculate p(-2).
7
Let i be ((-2)/(-2)*0)/1. Let w be -6*(5/(-3) - i). Let g = 6 - w. Let y(m) = m - 2. What is y(g)?
-6
Let b(l) be the second derivative of l**3/6 + 5*l**2/2 - 124*l. Suppose 0 = 5*v + 3*a - 11, -a - 15 = 4*a. What is b(v)?
9
Let w(k) = -3 + 1 + 12 - 4*k. Let b(f) = -2*f + 5. Let q(l) = -l - 10. Let i be q(-7). Let s(h) = i*w(h) + 7*b(h). Calculate s(4).
-3
Let w(t) = 57*t**2 - 113*t**2 + 23 - 15*t + 55*t**2. Determine w(-16).
7
Suppose -5*n - 24 = 1, 0 = -5*o + n + 20. Let x(s) = -o*s + 3*s - 6*s**2 - 8*s - s**3 - 4. Determine x(-5).
11
Let q = 256 - 268. Let d(r) = r**3 + 13*r**2 + 11*r + 5. Calculate d(q).
17
Let t(r) = 60 - 2*r - 27*r + 24*r + 8*r. Give t(-18).
6
Let s(m) = -2*m**3 - 4*m**2 + 3*m - 5. Let u(o) = -3*o**3 - o**2 - 2. Let y(q) = -s(q) + u(q). Give y(4).
-25
Let r be (2 - 3)/1 + 4 + 106. Let t(p) = -p + 109 - r. Give t(5).
-5
Let g(c) = c**3 - 7*c**2 - 2*c + 11. Let w be g(7). Let s(f) be the third derivative of 1/3*f**3 + 1/60*f**5 - f**2 + 0*f + 5/24*f**4 + 0. What is s(w)?
-4
Let q(o) be the first derivative of -7/3*o**3 + 1/4*o**4 + 4 + 4*o + 2*o**2. Calculate q(6).
-8
Let i(g) = g + 6. Let b(w) = -4*w + 220 - 114 - 95 + 3*w + 7*w - 9*w**2 + w**3. Let d(l) = -l**3 - 6*l**2 - 6*l + 3. Let f be d(-5). Let c be b(f). Give i(c).
1
Let u(q) be the third derivative of -q**4/24 + q**3 - 2*q**2 - 7. Determine u(8).
-2
Let s(t) = 4*t - 1 + t**2 - t - t. Suppose -5 + 1 = -2*x. Suppose 0 = o + 3*j, -o - 4*o = -x*j + 17. Give s(o).
2
Let p(k) = 29*k**2 - k. Suppose o = 2*l - 3, 5*o = -3*l - 5 + 3. Calculate p(o).
30
Let w = -13 + 15. Let q(j) = -4*j**2 + 2*j**2 + j + j**w. Let p(k) = -2*k + 10. Let a be p(5). What is q(a)?
0
Let b(j) = 2*j**2 + 17*j + 49. Let t(f) = f**2 + 8*f + 25. Let y(w) = 6*b(w) - 11*t(w). Give y(-13).
6
Let y(w) = w**3 - 2*w**2 + 4*w - 3. Let p be y(2). Let x = 34 - 32. Let s(i) = -8 + 3*i + 2*i**x + 3 + p. Determine s(-2).
2
Let h(y) = 7*y**3 + y**2 - 2*y + 1. Let o = 14 + -14. Suppose o = 4*j - 10*j + 6. Give h(j).
7
Let w(v) be the first derivative of v**4/2 - v**3/3 - 3*v**2/2 + v + 307. Give w(2).
7
Let i be (2 + 1 + 0)/1. Suppose 0 = u - k - 0*k + 1, i*u = -k + 5. Let t be 3/((-4)/10 + u). Let y(z) = 2*z - 3. Give y(t).
7
Let j = -28 + 32. Let p(n) = j*n - 3*n - 6*n. Calculate p(1).
-5
Let l(v) be the second derivative of 1/12*v**4 + 1/3*v**3 - 17*v + 3/2*v**2 + 0. What is l(-3)?
6
Suppose -30*s + 185 = -35*s. Let r = s - -42. Let p(u) = u - 2. Give p(r).
3
Let i(j) = 5*j - 30. Let m(d) = d**3 - 26*d**2 + 49*d - 16. Let x be m(24). What is i(x)?
10
Let k(t) = -t**2 + 5*t - 2. Suppose 0 = -29*f + 38*f - 162. Let a = -10 + f. Calculate k(a).
-26
Let o(i) be the third derivative of i**5/60 - 5*i**4/24 - 8*i**2. Suppose -2*a + 0*a + 12 = 0. Determine o(a).
6
Let n(j) = -3*j - 7*j + 9*j + 100 + j**2 - 98. What is n(3)?
8
Let z(n) = 7*n**2 + n + 1. Le